 - 5*x**2 + 4 + 0*x**3 + 11*x - x**3. What is j(c)?
-8
Let q(f) = -2*f**2 - 3*f - 2. Let h = 155 + -142. Suppose 0 = -9*m + h*m + 8. Give q(m).
-4
Let r(d) = d + 5. Let v(m) = -2*m - 5 + 2 - 6. Let c(j) = 11*r(j) + 6*v(j). Determine c(-6).
7
Let y(c) = -5 + 1 + 5*c**2 + 10 + 2 + 9*c. Let k(m) = -9*m**2 - 17*m - 15. Let o(q) = -6*k(q) - 11*y(q). Determine o(5).
-8
Let r be (-23)/(-4) + (-2)/8*3. Let d(i) = i - 3*i - 1 - 3 - r*i**2 + i**3 + 1. Give d(5).
-13
Let f(t) = 3*t + 114. Let h(i) = -i - 30. Let m(n) = -4*f(n) - 15*h(n). Determine m(5).
9
Let l(m) be the first derivative of -m**3/3 + m**2/2 - 2*m - 102. Determine l(-5).
-32
Let a(t) = t - 29. Let v be -1 - (-1 + 0)*1. Calculate a(v).
-29
Let i = -219 + 225. Let t(x) = -x**3 + 5*x**2 + 7*x + 3. Calculate t(i).
9
Let o(h) be the third derivative of -h**5/60 + 7*h**4/12 + h**3/3 + 31*h**2 + 2. Give o(15).
-13
Let v = -60 + 212. Let d = 153 - v. Let m(a) = -13*a**3 - a**2 + a. What is m(d)?
-13
Let z = 160 + -169. Let y(g) = 5*g**2 - 2*g**2 + 7 - 4*g**2 - 9*g. What is y(z)?
7
Suppose 3 = -3*b + 9. Let k(p) be the second derivative of p**3 - 3*p**2/2 - 2*p + 2. Give k(b).
9
Let s(w) = w**2 + 7*w + 11. Let d be s(-6). Let q(k) = 4*k + 22. Let g(a) = -a - 7. Let c(x) = 10*g(x) + 3*q(x). Calculate c(d).
6
Suppose -h + 14 = h. Let n(k) = 36*k**2 - 35*k**2 - 1 - 9*k + 3 - 3. Determine n(h).
-15
Let r(p) = -5*p**2 - p. Suppose 0 = -m + 4*m + 9, m = 5*o + 2. Give r(o).
-4
Let c(q) = -q**3 + 7*q**2 - 6*q + 3. Let r be c(6). Let u be (-5 - -15) + 2*-1*1. Suppose -r*h + 15 = -u*h. Let t(i) = -i + 2. Calculate t(h).
5
Let i = -24 - -25. Let l(m) = 12*m**2. Let u(y) = -y**2. Let z(c) = i*l(c) + 16*u(c). Calculate z(1).
-4
Let p = 0 - 0. Let d = 5 + p. Let u(s) = -2*s - 1 + 3*s - d + 3. Give u(3).
0
Let l(m) = m - 9. Suppose -35 = 69*o - 76*o. Calculate l(o).
-4
Let d(m) = 178*m - 83*m - 88*m. What is d(1)?
7
Let k(s) be the second derivative of -2*s**3/3 - 3*s**2/2 + 8*s. Let n(z) = z. Let c(a) = -k(a) - 6*n(a). Let m = 4 - 1. Calculate c(m).
-3
Let s(x) = 11*x - 1. Let m(z) = -z**3 - 7*z**2 + 16*z - 13. Let b be m(-9). Suppose -c - 1 = 2*k - b*k, -k + 5*c + 19 = 0. Determine s(k).
-12
Let q(y) = 2*y - 2. Let b be q(-2). Let p = 0 + 0. Let l(i) = -i - 17 + p*i + 4. What is l(b)?
-7
Let g(h) = -h + 2. Let b(l) = l - 2. Let q(a) = -3*b(a) - g(a). Determine q(5).
-6
Let g(r) = -1. Let j(k) be the first derivative of 2*k**2 - 2*k + 16. Let u(z) = -3*g(z) + j(z). Suppose -4*b + 2*b = -6. Give u(b).
13
Let n(m) = -4*m + 3. Let s be n(2). Let i be (0 + 4)*(5/2)/5. Let j(t) = 40 + 2*t - 35 - t**3 - 4*t**i + 5*t. Give j(s).
-5
Suppose 4*l + 4 = -m + 9, -2*m - 5 = 3*l. Let d(h) = -h - 2. Determine d(m).
5
Let d(y) be the first derivative of y**3/3 - 5*y**2/2 - 5*y + 46. Determine d(7).
9
Let h(s) = 5*s + 19. Suppose c = -4*v - 35, 0 = 2*c - 0 - 10. Calculate h(v).
-31
Let r(c) = c - c + 5*c - 4*c + 2 + 0*c + 2*c**2. Calculate r(2).
12
Let k be -6 + 11 - 2 - (5 + -1). Let s(y) = -29*y**2 - 5*y + 6. Let r(v) = -6*v**2 - v + 1. Let b(g) = 11*r(g) - 2*s(g). Determine b(k).
-8
Suppose -3*h = -2*g - 13, -54*h + 1 = -55*h. Let q(d) = d**2 + 5*d + 9. Give q(g).
33
Let y(n) = 3*n**3 + 7*n**2 - 5*n - 3. Let h(s) = s**3 - 9*s**2 + 13*s + 4. Let a be h(7). Calculate y(a).
-6
Let q(l) = 1. Let p(z) be the second derivative of z**3/6 + 9*z**2/2 - 15*z. Let s(f) = p(f) - 3*q(f). Calculate s(-5).
1
Let f(t) = -t + 2. Suppose 4*n - 5*a + 10 = 0, -3*a = n - 3 - 3. Let b be (0 - -8) + -2 + n. What is f(b)?
-4
Let n(k) be the second derivative of -k**4/6 + 2*k**3/3 - 5*k**2 - 5*k - 5. Let m(a) be the first derivative of n(a). Calculate m(2).
-4
Let x be 23/(-7) - (-2)/7. Let t be 6*((-4)/8)/(-1). Let s(k) = 10 - 4 + t*k - 4. Determine s(x).
-7
Let l(k) be the second derivative of -k**4/12 - k**3 - 3*k**2/2 - 6*k. Let c = 73 - 79. Calculate l(c).
-3
Let m(u) be the first derivative of u**2/2 + 17*u + 1. Suppose 103 - 68 = -5*a. Give m(a).
10
Let j(p) = 3*p**2 + p - 4*p + 3 - p**2. Let n(v) be the first derivative of -v**4/4 - 8*v**3/3 + 2*v**2 + 34*v + 1. Let h be n(-8). Calculate j(h).
5
Let h(i) = -2*i**2 - 2*i - 6. Suppose -9*m + 6*m - 12 = 0. What is h(m)?
-30
Suppose -3*w + 5*w = 30. Suppose 10*g - w*g = -20. Let m(k) = -1 + 3*k**3 - 4*k**3 + 0 + 3*k**2 + 5*k. Give m(g).
3
Suppose 729 - 722 = -a. Let l(o) = o**2 + o - 1. Determine l(a).
41
Let g(x) = -4*x**2 + 7 - 4 + 3*x + x + 3*x**2. Let c be (16/4)/(4/(-18)). Let i = -13 - c. Determine g(i).
-2
Let i = 6 - 1. Let s(j) = -6*j + 7. Let v(g) = -3*g + 4. Let n(k) = i*v(k) - 3*s(k). Suppose -5*t - 16 = 3*h, -4*h + 3*t = -0*h + 2. What is n(h)?
-7
Let u(s) = -s**2 + 2*s - 1. Let l = -22 + 22. Suppose 6*x - 18 + 0 = l. Calculate u(x).
-4
Let i = 22 - 37. Let n = -22 - i. Let x(w) = 3*w**2 + 9*w - 13. Let t(s) = -s**2 - s + 2. Let p(z) = 2*t(z) + x(z). Determine p(n).
-9
Suppose 3*y = 4*y - 1. Let w(v) be the third derivative of -v**4/8 - v**3/3 - v**2. Let u(c) = -80*c - 55. Let x(t) = 2*u(t) - 55*w(t). What is x(y)?
5
Let d(o) = 3*o - 8. Let b be 2 + 1 + -4 - -5. Let t be d(b). Let a(p) = -t - 5 + p + 3 + 3*p. Give a(4).
10
Let g(a) = -2*a + 3. Suppose -6*d + d = -35. Let q be (-1)/4*(-5 + 1). Suppose -q = s - d. Determine g(s).
-9
Let y(f) = 12*f**2 - 8*f - 45. Let z(l) = -10*l**2 + 9*l + 39. Let b(q) = 6*y(q) + 7*z(q). Calculate b(-8).
11
Suppose -8*m = -19*m + 44. Let c(y) = -5 - 3*y**2 + 7 + 4*y**2 - 1. Give c(m).
17
Let p(f) = f**2 + 11*f. Suppose -34 = 4*w + 2*h, 5*w - 2*h = -20 - 27. Calculate p(w).
-18
Suppose 0 = -4*y + y + 9. Suppose -5*q + 4 = 4*u + y, q = -3. Let n(s) be the third derivative of -s**5/60 + 5*s**4/24 + s**3/2 + s**2. Give n(u).
7
Let r(l) = 33*l + 1 - 16*l - 28 - 10*l - 10*l. Give r(-9).
0
Let k(i) be the first derivative of -i**2/2 - 5*i + 17. Suppose -l - 5*p + 31 = 11, 5*l - 22 = p. Suppose 0 = -l*t - 6 - 19. Give k(t).
0
Suppose 3*m = -2*t + 9, 2*t + 2*t + 3 = m. Let w be t/(1 - 1 - -1). Suppose -j - 2 = -2*p - w, 2*p + 4*j - 22 = 0. Let d(o) = o**3 - 4*o**2. What is d(p)?
-9
Let p(g) = 485 + 18*g**2 + g - 486 + 8*g**2. Calculate p(1).
26
Let a(i) = -2 + 2 - 1. Let q(u) = -u + 7. Let h(z) = 10*a(z) + 2*q(z). Let l = 0 - -6. What is h(l)?
-8
Let j(h) = 11*h + 12. Let s(o) = -20*o - 25. Let v(u) = -11*j(u) - 6*s(u). Determine v(8).
10
Let d = -33 + 40. Let m(w) = -3*w - 2*w - 6 - d*w**3 + w**2 + 6*w**3 + 4*w. Suppose -3*f = -6*f. What is m(f)?
-6
Let q(y) = 3*y - 2. Suppose 1 = c - 2. Suppose -3*h = -c*r, -3*h + 3 = -4*r + 2*h. Let m(v) = 5*v - 4. Let o(z) = r*m(z) - 7*q(z). Give o(3).
-16
Let j(k) be the first derivative of -2*k**3/3 + k**2 + k - 126. Let l = 10 + -7. Determine j(l).
-11
Let u(y) = -3*y**2 + y**3 - 5*y + 172 - 180 + 10*y**2 - 3*y. What is u(-8)?
-8
Let u(a) = -7*a + a**2 - 3*a**2 + a**2 + 0*a. Let q be u(-6). Let f(m) = 0*m**2 - q*m**2 + 5*m**2 + 6*m**3. What is f(1)?
5
Suppose 4*x = d, 2*x = 5*d + 4 - 22. Let p be (-5 + 6)*-5 - -7. Let g(c) = 9*c**3 - 10*c**3 + 2*c**2 - 3*c + 6 + c + p*c**2. What is g(d)?
-2
Let k(v) be the second derivative of -v**4/12 - 7*v**3/6 - 7*v**2/2 + 3*v. Let x be k(-5). Let p(f) = 2*f - 1 - 6*f + 3*f - x. Determine p(-4).
0
Let f(q) = q + 8. Let x be f(-6). Let o be 4/8*(7 - 1). Let n(k) = 0*k**2 - 76*k**3 + 3*k - 3 + 77*k**o + k - 2*k**2. Calculate n(x).
5
Let r(x) = -9*x**2 + 4*x + 8. Let b(y) = y**3 - y**2 + 3*y - 1. Let o(u) = -b(u) + r(u). What is o(-8)?
1
Let z(n) be the first derivative of n**2/2 + 17*n - 101. Determine z(0).
17
Let v(k) be the third derivative of -3*k**5/40 - 43*k**3/6 + k**2 + 12*k. Let o(d) be the first derivative of v(d). Determine o(-3).
27
Let o(i) = 7*i**2 + i**2 - 2*i - 7*i**2. Let f be o(2). Let x(k) = -k**2 + k - 21. Give x(f).
-21
Let f(a) = 6 - 3*a + a + 0 - 2. Let i(p) = -p**3 + 2*p**2 - 36. Let y be i(0). Let k be (y/24)/((-3)/8). Give f(k).
-4
Suppose 5*p = 2 + 3. Let j(z) = 6*z**2 - 7*z - 6. Let x(r) = -6*r**2 + 8*r + 7. Let v(w) = -7*j(w) - 6*x(w). Determine v(p).
-5
Let f(u) = -2*u**2 - u - 3. Suppose 1153*r = 1160*r. Calculate f(r).
-3
Let c(p) = -29*p**2 - 2*p + 27*p**2 + 3*p**3 + 1 - p**3. Let j = 12 - 10. Suppose -3*h - j = -8. What is c(h)?
5
Let n(j) = 2*j - 5. Let t(s) = -s**3 - 31*s**2 + 35*s + 90. Let h be t(-32). Calculate n(h).
-17
Let j(d) = 24*d + 1